g - 1. Let b be w(0). Let l be b*(-63)/6*(-2)/(-3). Suppose -l = 2*n - 29. What is the greatest common factor of 88 and n?
11
Let z be (-1 + (-3)/15)*(-25)/3. Let q be (-37)/111 + 26/6. What is the greatest common factor of q and z?
2
Suppose 0 = 9*s - 13250 - 3238. Calculate the highest common divisor of s and 8.
8
Suppose -5*p = 4*c - 624, -4*c + 235 = -5*p + 891. What is the greatest common divisor of p and 416?
32
Let o(d) = d**3 - 6*d**2 + 3*d. Let j be o(6). Let f be (-4)/24 + (-868)/(-24). Calculate the greatest common factor of f and j.
18
Let h be 3 + 1 + (-22)/(-77)*-7. Suppose -3*a + a - 328 = -2*p, p + h*a - 179 = 0. Calculate the greatest common factor of 26 and p.
13
Suppose -3*r + 450 = -12*r. Let g = r + 71. Let h be (-4)/28 + (-150)/(-21). Calculate the greatest common factor of h and g.
7
Suppose -12*f = -6*f - 24. Suppose b + f*j + 16 = 0, 5*j + 21 = -b - 0*j. Calculate the greatest common divisor of 4 and b.
4
Let c = 9279 - 6419. Calculate the highest common factor of 10 and c.
10
Let l(h) = -h**3 - 9*h**2 + 6*h + 19. Let n be l(-9). Let c(t) = -3*t - 33. Let u be c(0). Let k = u - n. Calculate the greatest common divisor of k and 18.
2
Let w = 40 + -70. Let b be 35/(-14)*604*9/w. Let j = -268 + b. Calculate the greatest common factor of 37 and j.
37
Let q = 21032 - 20990. What is the greatest common factor of q and 6531?
21
Suppose -2*l = -a, -a + 3*a = 0. Suppose 2*v - 189 + 9 = l. Suppose 62 = 8*t - v. What is the highest common factor of t and 152?
19
Let n(b) = -b**3 + 11*b**2 + 2*b - 21. Let c be n(0). Let h be (-13)/((-91)/c) + 19. Calculate the highest common factor of h and 112.
16
Suppose 5*m - 7*m = 4*h + 2, 0 = 2*m + 2*h - 4. What is the highest common divisor of m and 2215?
5
Suppose 2*g - 466 = 2*d, 0 = 5*d - 4*g + g + 1159. Let j = d + 254. Calculate the highest common factor of j and 128.
8
Suppose -3*m = -6*m - 5*r + 5915, -4*r = 5*m - 9854. What is the highest common divisor of 1379 and m?
197
Suppose -44 = -4*s + 72. What is the greatest common divisor of s and 2?
1
Suppose -14 = -i + 10. Suppose i*y = 23*y - 10. Let b be (3/2 - (-666)/(-60))*y. What is the greatest common divisor of 12 and b?
12
Let r = -142 - -143. Let p(v) = 22*v**3 - v**2 + 5*v - 4. Let f be p(r). Suppose -8*y + 3*y + 770 = 0. Calculate the highest common divisor of f and y.
22
Suppose -3*a - 3*g = -1542, 3*g = -4*a + 2*g + 2041. Let z = a + -419. What is the greatest common factor of z and 6?
6
Let u(y) = y**2 + 3*y - 5. Let m be u(2). Suppose 0*p - 3*d = 3*p - 162, -2*p + m*d + 94 = 0. What is the greatest common divisor of p and 234?
26
Let y be ((-264)/(-20))/((-1015)/(-125) + -8). What is the greatest common factor of y and 80?
10
Let t = -60 + 58. Let g be (-37)/(-7) + t*(-5)/(-35). Let w be 11 + 0*g/15. Calculate the highest common divisor of w and 55.
11
Let f = -27712 + 27855. Calculate the greatest common divisor of 35750 and f.
143
Let b = 3 - 7. Let o(n) = -51*n - 176. Let p be o(b). What is the greatest common divisor of p and 2?
2
Let x(h) = -359*h - 119. Let q be x(-1). What is the greatest common factor of q and 35?
5
Let l be 2/(-8) + 417/4. Suppose 1151 = -210*c + 2831. Calculate the greatest common divisor of l and c.
8
Suppose l = -4*y + 24, 11 = -l + y + 50. What is the highest common factor of l and 276?
12
Let k be 36/(-72)*(0 + -14554). Calculate the greatest common divisor of 133 and k.
19
Suppose -3326 = -110*t + 7948 + 5556. What is the highest common divisor of 81 and t?
9
Suppose -102*f = -104*f. Suppose -a = -f - 9. Let m(z) = z**3 - 10*z**2 + 14*z - 19. Let s be m(a). What is the greatest common divisor of 2 and s?
2
Let a be (48/9 + -2)/((-2)/(-3)). Let s(y) = y**3 - 6*y**2 + 9*y - 2. Let v be s(a). Suppose -4*t + v = -22. What is the highest common divisor of t and 40?
10
Let w(i) = 22*i - 214. Suppose -3*p + 60 = 5*j - 2*p, -4*p = 0. Let m be w(j). Calculate the highest common factor of m and 70.
10
Let f be 320 + -18 - (12/4 - -7). What is the highest common divisor of f and 5986?
146
Let b be (313 + 1)*(-9 + -14 - -33). Calculate the highest common factor of b and 20.
20
Let n(x) = -7*x - 8*x - 5*x + 14*x - 6. Let u be n(-7). What is the highest common divisor of 9 and u?
9
Let w(r) = -27*r**3 + 40*r - 24 + 7*r**3 + 32*r**2 + 15*r**3 + 6*r**3. Let k be w(-30). Calculate the highest common factor of k and 48.
48
Let f = -159 - -179. Suppose -a = -b - 37, -15*b = 3*a - f*b - 107. What is the greatest common divisor of a and 52?
13
Suppose 0 = 2*o + 3 - 13. Let g be (-36)/60 - (-1 - 33/o). Suppose -4*u - 3*a = -22, -5 = -2*u - a + g. What is the greatest common factor of u and 133?
7
Suppose 129 = 3*q + 3*h, -3*h + 6*h = q - 51. Let u = q + -43. Let i be 20*17/u - -1. Calculate the greatest common divisor of i and 9.
9
Let h(q) = -35*q**2 + q - 686*q**3 - 23*q - 31 + 107 + 688*q**3. Let b be h(18). What is the greatest common divisor of 22 and b?
2
Let s(w) be the second derivative of 23/3*w**3 + 0 + 16*w - 1/6*w**4 + 1/2*w**2. Let z be s(23). Calculate the greatest common divisor of 7 and z.
1
Suppose 5*l = l + 36. Let a(y) = 1116*y - 79965. Let h be a(72). Calculate the highest common divisor of l and h.
9
Suppose 189*u + 39239 = 728144. Calculate the greatest common factor of 15 and u.
15
Suppose 0 = -175*k + 4436478 - 580703. What is the greatest common divisor of 22 and k?
11
Let b(d) = 15*d**3 - 61*d**2 + 44*d + 2. Let h be b(5). What is the greatest common factor of h and 484?
44
Let k(q) = -q**2 + 27*q - 21. Let w be k(13). Let n = w + -274. Let c = -92 - n. What is the greatest common factor of 168 and c?
21
Suppose 3*g = -4*k + 51 + 48, 3*g + 9 = 0. Let l(x) = x**2 + 106*x - 3263. Let i be l(25). What is the highest common factor of k and i?
3
Let i = -97 + -44. Let w = i - -297. Suppose 0 = 17*d - 16*d - w. Calculate the highest common divisor of d and 52.
52
Let q = -26203 - -26205. What is the highest common divisor of 437 and q?
1
Suppose -8*g - 5220 = -13*g. Suppose -28*k + 34*k = -g. Let u = -119 - k. Calculate the greatest common divisor of u and 11.
11
Let u = -802 + 803. Let m be (u*-1)/((-14)/25480*5). Calculate the greatest common divisor of m and 65.
13
Suppose 0 = 5*c + o - 8240, 3*c + 5*o + 93 = 5059. Let w = c - 865. Calculate the highest common divisor of 17 and w.
17
Let i = -16940 + 17138. Calculate the greatest common divisor of 7020 and i.
18
Suppose 2*q - 12 = 5*i + 12, q + 4*i - 12 = 0. Let s = -2 - -3. Calculate the greatest common divisor of q and s.
1
Let y(p) = p**3 + p**2 - 2*p**2 + 6 + p**2. Let k be y(0). Let t(s) = -s**2 + 5*s + 13. Let x be t(k). Calculate the greatest common divisor of 28 and x.
7
Suppose -27 = -3*m - 3*h, -9*h = -2*m - 6*h + 13. What is the highest common factor of 712 and m?
8
Suppose 3*x - 3515 - 1669 = 0. Suppose 2*d = -7*d + x. What is the greatest common factor of d and 24?
24
Let i(n) = n**2 + 39*n + 176. Let k be i(-34). Let a be 18*(1/6 + 11/k). What is the highest common divisor of 150 and a?
6
Suppose 30922 = 3*a - 42986. Calculate the greatest common factor of 12 and a.
12
Suppose -53437 = -34*d + 113. What is the greatest common divisor of 504 and d?
63
Let p(q) be the second derivative of -q**4/12 + 23*q**3/6 - 42*q**2 - 40*q - 1. Let n be p(16). Calculate the greatest common factor of 35 and n.
7
Let s = 7013 + -6791. What is the highest common divisor of 259 and s?
37
Let i(h) = -h**3 + 53*h**2 + 29*h - 1465. Let f be i(53). Calculate the highest common divisor of 2178 and f.
18
Suppose 118 = 3*k + 84*u - 82*u, 3*u + 165 = 5*k. Calculate the highest common divisor of k and 1134.
18
Let g be ((-671)/44 - 0 - -9)*-4*1. Calculate the highest common divisor of g and 1975.
25
Suppose -3*m = -0*z - 5*z - 684, 0 = z - 3*m + 144. Let r be z/2*(-160)/120. Calculate the highest common factor of r and 20.
10
Let u(z) = 13*z**2 - 154*z + 313. Let k be u(2). What is the highest common factor of 6 and k?
3
Let z = 778 - 673. Let l = 0 + 35. What is the highest common factor of l and z?
35
Let v = -42850 + 42994. Let b(r) = 3*r**3 + 2*r**2 + 5*r - 2. Let j be b(3). Calculate the greatest common divisor of v and j.
16
Suppose -34*z - 3755 = -10691. Calculate the highest common factor of 663 and z.
51
Suppose -4*n - 11 = -19. What is the g